{"id":2,"date":"2024-08-21T10:08:18","date_gmt":"2024-08-21T08:08:18","guid":{"rendered":"http:\/\/kopiveno.cyon.site\/?page_id=2"},"modified":"2025-06-13T16:30:06","modified_gmt":"2025-06-13T14:30:06","slug":"home","status":"publish","type":"page","link":"https:\/\/studiomenla.ch\/","title":{"rendered":"Home"},"content":{"rendered":"<div id='layer_slider_1'  class='avia-layerslider main_color avia-shadow  avia-builder-el-0  el_before_av_layerslider  avia-builder-el-first  container_wrap fullsize'  style='height: 501px; max-width: 1280px; margin: 0 auto;'  ><\/div>\n<div id='layer_slider_2'  class='avia-layerslider main_color avia-shadow  avia-builder-el-1  el_after_av_layerslider  el_before_av_two_third  slider-not-first container_wrap fullsize'  style='height: 601px; max-width: 750px; margin: 0 auto;'  ><\/div><div id='after_layer_slider_2'  class='main_color av_default_container_wrap container_wrap fullsize'  ><div class='container av-section-cont-open' ><div class='template-page content  av-content-full alpha units'><div class='post-entry post-entry-type-page post-entry-2'><div class='entry-content-wrapper clearfix'>\n<div  class='flex_column av-kgq-58ba9c16f4eb885a7e8f27b0606ddeb7 av_two_third  avia-builder-el-2  el_after_av_layerslider  el_before_av_one_third  avia-builder-el-first  first flex_column_div  '     ><section  class='av_textblock_section av-46sy-116cffbd50feea9e27998052508e0657 '   itemscope=\"itemscope\" itemtype=\"https:\/\/schema.org\/CreativeWork\" ><div class='avia_textblock'  itemprop=\"text\" ><h1 class=\"p1\"><strong>\ud83c\udf00 Studio Menla \u2013 Il vostro centro di Medicina Tradizionale Cinese (MTC)<\/strong><\/h1>\n<p>Benvenuti allo Studio Menla, un luogo in cui serenit\u00e0, consapevolezza e conoscenze millenarie si incontrano per dare vita a un centro dedicato alla guarigione olistica. Attraverso i metodi della Medicina Tradizionale Cinese (MTC), La accompagno in un percorso verso un maggiore benessere, equilibrio interiore e una salute pi\u00f9 armoniosa.<br \/>\nChe si tratti di agopuntura, fitoterapia, dietetica o altre tecniche della MTC (come Tuina, moxibustione o coppettazione), dedico attenzione al suo essere unico e alle sue esigenze individuali.<\/p>\n<p>Si lasci ispirare dalla forza del legame tra corpo, mente e natura. Sar\u00e0 un piacere accoglierla allo Studio Menla.<\/p>\n<\/div><\/section><\/div>\n<div  class='flex_column av-2kak-f24f6585c9fafbd350217cee248b12ee av_one_third  avia-builder-el-4  el_after_av_two_third  el_before_av_one_third  flex_column_div  '     ><section  class='av_textblock_section av-mausostq-1c8e2c659566903b8dc0f0c09f3b42be '   itemscope=\"itemscope\" itemtype=\"https:\/\/schema.org\/CreativeWork\" ><div class='av-small-hide av-mini-hide avia_textblock'  itemprop=\"text\" ><h2>Events<\/h2>\n<\/div><\/section><br \/>\n<div  class='av-upcoming-events av-mbhwtw0v-26b6b56c612648bce174918d6772a5e1  avia-builder-el-6  el_after_av_textblock  avia-builder-el-last  av-small-hide av-mini-hide'><a href='https:\/\/studiomenla.ch\/index.php\/event\/ritiro-buddha-medicina-2026\/' class='av-upcoming-event-entry av-upcoming-event-with-image'><img decoding=\"async\" loading=\"lazy\" width=\"180\" height=\"180\" src=\"https:\/\/studiomenla.ch\/wp-content\/uploads\/2025\/06\/AdobeStock_946292518_min-180x180.jpg\" class=\"wp-image-905 avia-img-lazy-loading-905 av-upcoming-event-image wp-post-image\" alt=\"\" srcset=\"https:\/\/studiomenla.ch\/wp-content\/uploads\/2025\/06\/AdobeStock_946292518_min-180x180.jpg 180w, https:\/\/studiomenla.ch\/wp-content\/uploads\/2025\/06\/AdobeStock_946292518_min-80x80.jpg 80w, https:\/\/studiomenla.ch\/wp-content\/uploads\/2025\/06\/AdobeStock_946292518_min-36x36.jpg 36w\" sizes=\"auto, (max-width: 180px) 100vw, 180px\" \/><span class=\"av-upcoming-event-data\"><h4 class='av-upcoming-event-title'>Ritiro del Buddha della Medicina &#038; mandala di sabbia<\/h4><span class=\"av-upcoming-event-meta\"><span class=\"av-upcoming-event-schedule\"><span class=\"tribe-event-date-start\">Maggio 14<\/span> - <span class=\"tribe-event-date-end\">Maggio 17<\/span><\/span><span class='av-upcoming-event-venue'>Studio Menla<\/span><\/span><\/span><\/a><a href='https:\/\/studiomenla.ch\/index.php\/event\/ritiro-di-guru-rinpoche\/' class='av-upcoming-event-entry av-upcoming-event-with-image'><img decoding=\"async\" loading=\"lazy\" width=\"180\" height=\"180\" src=\"https:\/\/studiomenla.ch\/wp-content\/uploads\/2026\/01\/AdobeStock_168095362-180x180.jpg\" class=\"wp-image-918 avia-img-lazy-loading-918 av-upcoming-event-image wp-post-image\" alt=\"\" srcset=\"https:\/\/studiomenla.ch\/wp-content\/uploads\/2026\/01\/AdobeStock_168095362-180x180.jpg 180w, https:\/\/studiomenla.ch\/wp-content\/uploads\/2026\/01\/AdobeStock_168095362-80x80.jpg 80w, https:\/\/studiomenla.ch\/wp-content\/uploads\/2026\/01\/AdobeStock_168095362-36x36.jpg 36w\" sizes=\"auto, (max-width: 180px) 100vw, 180px\" \/><span class=\"av-upcoming-event-data\"><h4 class='av-upcoming-event-title'>Ritiro di Guru Rinpoche<\/h4><span class=\"av-upcoming-event-meta\"><span class=\"av-upcoming-event-schedule\"><span class=\"tribe-event-date-start\">Giugno 15<\/span> - <span class=\"tribe-event-date-end\">Giugno 20<\/span><\/span><span class='av-upcoming-event-venue'>Avicenna Assisi<\/span><\/span><\/span><\/a><a href='https:\/\/studiomenla.ch\/index.php\/event\/ritiro-di-meditazione-cristiana-a-creta\/' class='av-upcoming-event-entry av-upcoming-event-with-image'><img decoding=\"async\" loading=\"lazy\" width=\"180\" height=\"180\" src=\"https:\/\/studiomenla.ch\/wp-content\/uploads\/2026\/01\/IMG_20191016_130857-180x180.jpg\" class=\"wp-image-887 avia-img-lazy-loading-887 av-upcoming-event-image wp-post-image\" alt=\"\" srcset=\"https:\/\/studiomenla.ch\/wp-content\/uploads\/2026\/01\/IMG_20191016_130857-180x180.jpg 180w, https:\/\/studiomenla.ch\/wp-content\/uploads\/2026\/01\/IMG_20191016_130857-80x80.jpg 80w, https:\/\/studiomenla.ch\/wp-content\/uploads\/2026\/01\/IMG_20191016_130857-36x36.jpg 36w\" sizes=\"auto, (max-width: 180px) 100vw, 180px\" \/><span class=\"av-upcoming-event-data\"><h4 class='av-upcoming-event-title'>Ritiro di meditazione cristiana a Creta<\/h4><span class=\"av-upcoming-event-meta\"><span class=\"av-upcoming-event-schedule\"><span class=\"tribe-event-date-start\">Ottobre 5<\/span> - <span class=\"tribe-event-date-end\">Ottobre 17<\/span><\/span><span class='av-upcoming-event-venue'>Kreta<\/span><\/span><\/span><\/a><\/div><\/p><\/div><div  class='flex_column av-48fu-d02d7d5919ad7029ae4eb0e415e1612e av_one_third  avia-builder-el-7  el_after_av_one_third  el_before_av_one_third  first flex_column_div  column-top-margin'     ><div  class='avia-button-wrap av-mauspn3k-264240974ebbfdddff7d2a781dc5a89e-wrap avia-button-center  avia-builder-el-8  avia-builder-el-no-sibling '>\n<style type=\"text\/css\" data-created_by=\"avia_inline_auto\" id=\"style-css-av-mauspn3k-264240974ebbfdddff7d2a781dc5a89e\">\n#top #wrap_all .avia-button.av-mauspn3k-264240974ebbfdddff7d2a781dc5a89e{\nfont-size:22px;\ncolor:#545454;\ntransition:all 0.4s ease-in-out;\n}\n#top #wrap_all .avia-button.av-mauspn3k-264240974ebbfdddff7d2a781dc5a89e:hover{\ncolor:white;\ntransition:all 0.4s ease-in-out;\n}\n<\/style>\n<a href='https:\/\/studiomenla.ch\/index.php\/mia-offerta\/'  class='avia-button av-mauspn3k-264240974ebbfdddff7d2a781dc5a89e av-link-btn avia-icon_select-yes-left-icon avia-size-x-large avia-position-center avia-color-theme-color'  ><span class='avia_button_icon avia_button_icon_left' aria-hidden='true' data-av_icon='\ue889' data-av_iconfont='entypo-fontello'><\/span><span class='avia_iconbox_title' >Scopra qui la mia offerta<\/span><span class='avia_button_background avia-button avia-color-theme-color-highlight' ><\/span><\/a><\/div><\/div><\/p>\n<div  class='flex_column av-2wu8-4bd720fb2a2181961946d7e108810de6 av_one_third  avia-builder-el-9  el_after_av_one_third  el_before_av_two_third  flex_column_div  column-top-margin'     ><div  class='avia-button-wrap av-mausrvtf-92ff79c823fb8316105c0c06338cf967-wrap avia-button-center  avia-builder-el-10  avia-builder-el-no-sibling '>\n<style type=\"text\/css\" data-created_by=\"avia_inline_auto\" id=\"style-css-av-mausrvtf-92ff79c823fb8316105c0c06338cf967\">\n#top #wrap_all .avia-button.av-mausrvtf-92ff79c823fb8316105c0c06338cf967{\nfont-size:22px;\ncolor:#545454;\ntransition:all 0.4s ease-in-out;\n}\n#top #wrap_all .avia-button.av-mausrvtf-92ff79c823fb8316105c0c06338cf967:hover{\ncolor:white;\ntransition:all 0.4s ease-in-out;\n}\n<\/style>\n<a href='https:\/\/studiomenla.ch\/index.php\/home-2-2-2-2\/'  class='avia-button av-mausrvtf-92ff79c823fb8316105c0c06338cf967 av-link-btn avia-icon_select-yes-left-icon avia-size-x-large avia-position-center avia-color-theme-color'  ><span class='avia_button_icon avia_button_icon_left' aria-hidden='true' data-av_icon='\ue889' data-av_iconfont='entypo-fontello'><\/span><span class='avia_iconbox_title' >Per fissare un appuntamento, la prego di contattarmi direttamente<\/span><span class='avia_button_background avia-button avia-color-theme-color-highlight' ><\/span><\/a><\/div><\/div>\n<div  class='flex_column av-5oc6-f77c4d19a5b997754f45395527dca76a av_two_third  avia-builder-el-11  el_after_av_one_third  el_before_av_one_third  first flex_column_div  column-top-margin'     ><p><section  class='av_textblock_section av-mauv1wox-9bae8b18715bb22fe21de74865612842 '   itemscope=\"itemscope\" itemtype=\"https:\/\/schema.org\/CreativeWork\" ><div class='avia_textblock'  itemprop=\"text\" ><p><strong>\ud83c\udf3f Sangye Menla \u2013 Il Buddha della Medicina<\/strong><\/p>\n<p>Sangye Menla, conosciuto anche come il Buddha della Medicina, rappresenta nel buddhismo la guarigione, la compassione e il superamento della sofferenza.<br \/>\nRaffigurato con il colore blu del lapislazzuli, incarna il potere curativo dello spirito. La sua pratica \u00e8tramandata da millenni per sostenere i processi di guarigione a livello fisico, emotivo e spirituale.<\/p>\n<p>Allo Studio Menla, Sangye Menla \u00e8 fonte di ispirazione per coltivare consapevolezza, chiarezza mentale, salute olistica, amorevolezza verso s\u00e9 stessi e gli altri, la fioritura della nostra vera natura e il risveglio alla nostra essenza pi\u00f9 profonda.<\/p>\n<p>\ud83c\udf38 \u00c8 interessato a partecipare a un evento di meditazione?<\/p>\n<p>.<\/p>\n<\/div><\/section><br \/>\n<div  class='avia-button-wrap av-mauv33eg-8e21edb09a713a592eeb05dc51b80c3e-wrap avia-button-left  avia-builder-el-13  el_after_av_textblock  avia-builder-el-last '>\n<style type=\"text\/css\" data-created_by=\"avia_inline_auto\" id=\"style-css-av-mauv33eg-8e21edb09a713a592eeb05dc51b80c3e\">\n#top #wrap_all .avia-button.av-mauv33eg-8e21edb09a713a592eeb05dc51b80c3e{\nfont-size:22px;\ncolor:#545454;\ntransition:all 0.4s ease-in-out;\n}\n#top #wrap_all .avia-button.av-mauv33eg-8e21edb09a713a592eeb05dc51b80c3e:hover{\ncolor:white;\ntransition:all 0.4s ease-in-out;\n}\n<\/style>\n<a href='https:\/\/studiomenla.ch\/index.php\/eventi_list\/'  class='avia-button av-mauv33eg-8e21edb09a713a592eeb05dc51b80c3e av-link-btn avia-icon_select-yes-left-icon avia-size-x-large avia-position-left avia-color-theme-color'  ><span class='avia_button_icon avia_button_icon_left' aria-hidden='true' data-av_icon='\ue889' data-av_iconfont='entypo-fontello'><\/span><span class='avia_iconbox_title' >Qui trova una panoramica degli eventi in programma<\/span><span class='avia_button_background avia-button avia-color-theme-color-highlight' ><\/span><\/a><\/div><\/p><\/div>\n<div  class='flex_column av-3n8s-7b602505228c2ff1d753473a7ca4add8 av_one_third  avia-builder-el-14  el_after_av_two_third  avia-builder-el-last  flex_column_div  column-top-margin'     ><style type=\"text\/css\" data-created_by=\"avia_inline_auto\" id=\"style-css-av-mauv29oe-15fc6ea4b855bd715092edc5f77b9917\">\n.avia-image-container.av-mauv29oe-15fc6ea4b855bd715092edc5f77b9917 img.avia_image{\nbox-shadow:none;\n}\n.avia-image-container.av-mauv29oe-15fc6ea4b855bd715092edc5f77b9917 .av-image-caption-overlay-center{\ncolor:#ffffff;\n}\n<\/style>\n<div  class='avia-image-container av-mauv29oe-15fc6ea4b855bd715092edc5f77b9917 av-styling- avia-align-center  avia-builder-el-15  avia-builder-el-no-sibling '   itemprop=\"image\" itemscope=\"itemscope\" itemtype=\"https:\/\/schema.org\/ImageObject\" ><div class=\"avia-image-container-inner\"><div class=\"avia-image-overlay-wrap\"><img decoding=\"async\" fetchpriority=\"high\" class='wp-image-105 avia-img-lazy-loading-not-105 avia_image ' src=\"https:\/\/studiomenla.ch\/wp-content\/uploads\/2025\/05\/Menla-Bild-HQ-scaled.jpg\" alt='' title='Menla Bild HQ'  height=\"2560\" width=\"1869\"  itemprop=\"thumbnailUrl\" srcset=\"https:\/\/studiomenla.ch\/wp-content\/uploads\/2025\/05\/Menla-Bild-HQ-scaled.jpg 1869w, https:\/\/studiomenla.ch\/wp-content\/uploads\/2025\/05\/Menla-Bild-HQ-219x300.jpg 219w, https:\/\/studiomenla.ch\/wp-content\/uploads\/2025\/05\/Menla-Bild-HQ-752x1030.jpg 752w, https:\/\/studiomenla.ch\/wp-content\/uploads\/2025\/05\/Menla-Bild-HQ-768x1052.jpg 768w, https:\/\/studiomenla.ch\/wp-content\/uploads\/2025\/05\/Menla-Bild-HQ-1122x1536.jpg 1122w, https:\/\/studiomenla.ch\/wp-content\/uploads\/2025\/05\/Menla-Bild-HQ-1496x2048.jpg 1496w, https:\/\/studiomenla.ch\/wp-content\/uploads\/2025\/05\/Menla-Bild-HQ-1095x1500.jpg 1095w, https:\/\/studiomenla.ch\/wp-content\/uploads\/2025\/05\/Menla-Bild-HQ-515x705.jpg 515w\" sizes=\"(max-width: 1869px) 100vw, 1869px\" \/><\/div><\/div><\/div><\/div>\n","protected":false},"excerpt":{"rendered":"","protected":false},"author":1,"featured_media":0,"parent":0,"menu_order":0,"comment_status":"closed","ping_status":"open","template":"","meta":{"footnotes":""},"class_list":["post-2","page","type-page","status-publish","hentry"],"_links":{"self":[{"href":"https:\/\/studiomenla.ch\/index.php\/wp-json\/wp\/v2\/pages\/2","targetHints":{"allow":["GET"]}}],"collection":[{"href":"https:\/\/studiomenla.ch\/index.php\/wp-json\/wp\/v2\/pages"}],"about":[{"href":"https:\/\/studiomenla.ch\/index.php\/wp-json\/wp\/v2\/types\/page"}],"author":[{"embeddable":true,"href":"https:\/\/studiomenla.ch\/index.php\/wp-json\/wp\/v2\/users\/1"}],"replies":[{"embeddable":true,"href":"https:\/\/studiomenla.ch\/index.php\/wp-json\/wp\/v2\/comments?post=2"}],"version-history":[{"count":32,"href":"https:\/\/studiomenla.ch\/index.php\/wp-json\/wp\/v2\/pages\/2\/revisions"}],"predecessor-version":[{"id":942,"href":"https:\/\/studiomenla.ch\/index.php\/wp-json\/wp\/v2\/pages\/2\/revisions\/942"}],"wp:attachment":[{"href":"https:\/\/studiomenla.ch\/index.php\/wp-json\/wp\/v2\/media?parent=2"}],"curies":[{"name":"wp","href":"https:\/\/api.w.org\/{rel}","templated":true}]}}